n) = n + 2. Let j be v(3). Suppose j*k + 2*d - 93 = -13, -k = d - 19. What is the remainder when y is divided by k?
13
Suppose 27*c - 133 = 1082. What is the remainder when 493 is divided by c?
43
Suppose 129 = -2*m - m. Let t = 21 + m. What is the remainder when 13 is divided by t/(-8) - (-1)/4?
1
Suppose -375*b + 367*b + 5888 = 0. Calculate the remainder when b is divided by 39.
34
Suppose -2*l - 2 = -24. Let x be 1*-1 - l/(-11). Suppose x = 3*c - 0*c - 57. What is the remainder when c is divided by 10?
9
Suppose 3*t - 5*f - 2 = -4*f, 0 = -3*f + 12. Suppose 5*k + 6*j - 245 = j, j = -5. What is the remainder when 1 + (t*k - -4) is divided by 29?
26
Let q(c) = -c**3 + 5*c**2 + 10*c - 7. Suppose -4*v - 10 = -34. Suppose -v*j + 0*j = -36. Calculate the remainder when q(j) is divided by 5.
2
What is the remainder when (-289)/2023 - ((-1016)/7 + 0) is divided by 34?
9
Let z = 281 + -235. What is the remainder when z is divided by 8?
6
Suppose -3*c = 2*p + c + 50, 10 = -2*p + 4*c. Suppose 4*v - 7*v = 9. Calculate the remainder when 9 is divided by (-2)/v + (-80)/p.
3
Suppose 7*m - 2*m - g = 21, -4*g + 16 = 5*m. Suppose -2*w - m*k = -116, -3*w + w = -2*k - 128. What is the remainder when 120 is divided by w?
58
Let i(g) = 87*g - 397. Calculate the remainder when i(5) is divided by 20.
18
Suppose 0 = -4*o + 4, 3*p + o - 68 = 35. Let l(q) = 4 - 3*q + q + 3*q - 2. Calculate the remainder when p is divided by l(10).
10
Let g(w) = -w**3 + 72*w**2 + 150*w - 77. What is the remainder when 235 is divided by g(74)?
22
Let n be -2*1*-10 + -3. What is the remainder when (n - 0) + 2 + -7 + 3 is divided by 4?
3
Suppose p = -8 + 42. Suppose -4*r = -k - p, r + 5*k + 3 - 1 = 0. What is the remainder when 29 is divided by r?
5
What is the remainder when (-291)/776 - 2/((-16)/34587) is divided by 173?
171
Let x(g) = g**3 + 9*g**2 - g + 11. Let k be x(-7). Let s = -79 + k. Calculate the remainder when s is divided by 20.
17
Suppose 0*q - 2*q + 66 = 2*g, 3*q - 2*g - 89 = 0. Calculate the remainder when q is divided by 23.
8
Let b(u) be the second derivative of -7*u**3/6 - 3*u**2 + 14*u. Suppose o + 2*o - 84 = -3*s, 25 = 5*s. Calculate the remainder when o is divided by b(-2).
7
Let z(h) = -2*h**2 - 5*h - 1. Let i be z(-4). Let a = -9 - i. Suppose -a*g + 1 = -23. What is the remainder when 17 is divided by g?
5
Suppose 0 = 3*v + 593 + 1. Let b = -167 - v. Let l = 11 + 0. Calculate the remainder when b is divided by l.
9
Suppose 84 = 4*a - 180. Calculate the remainder when 721 is divided by a.
61
Suppose -15*s = -2*o - 11*s + 272, -3*s - 559 = -4*o. Calculate the remainder when o is divided by 29.
26
Suppose 18 = -4*w - 2, w = 3*r - 146. Calculate the remainder when 119 is divided by r.
25
Suppose -187*r + 423 = -178*r. What is the remainder when r is divided by 39?
8
Let l = 5 - -16. Suppose -5*y - 45 = 5*t, -t + 4*y = 2*t + 20. Let o = t - -20. What is the remainder when l is divided by o?
9
Suppose 2*h = 4*h - 36. Let u(f) = f**3 - 13*f**2 + 6. Let i be u(13). Suppose i*w - 21 = 3*w. Calculate the remainder when h is divided by w.
4
Suppose 50 = 5*a + 4*x - 5, 4*a + x - 55 = 0. Calculate the remainder when 327/a - (-2)/10 is divided by 8.
6
Suppose -11*h - 6*h + 425 = 0. Calculate the remainder when 298 is divided by h.
23
Let h(i) = i**2 + i + 68. Let k be h(0). Suppose 0 = -4*a + w + 3*w + k, a + 4*w + 8 = 0. What is the remainder when 18 is divided by a?
6
Let p = 7 - 4. Suppose p*x - 165 = 8*x. Let o = x - -38. Calculate the remainder when 9 is divided by o.
4
Let n = 4 - -1. Let f = 7756 + -7736. What is the remainder when f is divided by n?
0
Suppose -3*i = -7 - 8. Let a = -775 - -798. What is the remainder when a is divided by i?
3
Let f be (-46)/(-5) - (-4)/(-20). Calculate the remainder when 8 is divided by f/4*(10/15 + 2).
2
Let k = 479 + -440. What is the remainder when k is divided by 5?
4
Let c = -58 + 35. Let s = -23 - c. Suppose -5*x - 5*u + 67 + 13 = 0, 3*x - 2*u - 63 = s. Calculate the remainder when 53 is divided by x.
15
Let c be (-1 + 0)/(2/(-1 - 5)). Suppose c*y + y - 125 = f, 3*f + 55 = 2*y. Suppose 5*z - 3*z = 22. What is the remainder when y is divided by z?
10
Suppose 0 = -4*t + x + 81, 3*t - 2*x - 61 = -x. Let v = t + -10. Let d(m) = 4*m**2 + 6*m - 1. Calculate the remainder when d(-3) is divided by v.
7
Let d = -778 + 831. Calculate the remainder when 627 is divided by d.
44
Let l = -85 + 88. What is the remainder when 30 is divided by l?
0
Let f(g) = -44*g + 51. What is the remainder when 20 is divided by f(1)?
6
Let z = 1875 - 1662. Calculate the remainder when z is divided by 46.
29
Let y(k) = 19*k**2 + 13*k + 14. What is the remainder when 338 is divided by y(-1)?
18
Let f(d) = 2 - 5*d**2 - 11*d**2 + 17*d**2 + 4. Let v be f(-8). Let n = v - 35. Calculate the remainder when n is divided by 18.
17
Let g be 3/15 + (-94)/(-5). Let l = g - 14. What is the remainder when 6 is divided by l?
1
Suppose -934 = 6*a - 1006. Calculate the remainder when 83 is divided by a.
11
Let b(a) = a**3 + 8*a**2 + 4*a. What is the remainder when b(-6) is divided by 630/50 + ((-8)/10)/(-2)?
9
Let t = 680 + -655. What is the remainder when 349 is divided by t?
24
Suppose 0 = -4*r + 40 + 152. Suppose -23*f - 156 = -25*f. Suppose 21*w - f - 279 = 0. Calculate the remainder when r is divided by w.
14
Suppose 5*l - 265 - 4755 = 0. What is the remainder when l is divided by 53?
50
Let i(a) = 23*a - 179. Calculate the remainder when 222 is divided by i(9).
26
What is the remainder when 123 is divided by (5964/35)/12 + 8/10?
3
Suppose -d = 2*d - 9. Let z be (-1)/(-1) - (-7 + 3). Suppose 5*i - 125 = -d*j, -z*j + 1 = -5*i - 194. Calculate the remainder when j is divided by 14.
12
Suppose 232 - 8 = 8*n. What is the remainder when 90 is divided by n?
6
Suppose -107 = 9*p - 440. Suppose -2*f - 5*k + 188 + 170 = 0, -2*f + 360 = 4*k. What is the remainder when f is divided by p?
36
Let k = -14 + 16. Suppose -5*o + 2*v + 129 = -2*v, -v + 62 = k*o. What is the remainder when o is divided by 11?
7
Let a(r) = r**2 + 2*r - 4. What is the remainder when a(-8) is divided by (-219)/(-9) - (-2)/(-6)?
20
Suppose 223*h - 202*h = 336. What is the remainder when 102 is divided by h?
6
Let x = -26 - -31. Suppose x*d - 35 = 5. Calculate the remainder when d is divided by 5.
3
Suppose -5*g + 3*r - 133 = 0, -2*g + 3*r = 2*g + 107. Let k = g + 46. Calculate the remainder when 37 is divided by k.
17
Suppose 3*j = -4*z + 1519, z + j - 374 = 6*j. Calculate the remainder when z is divided by 76.
75
Suppose -29 = -5*r - 3*u, -49*r = -52*r + 5*u + 31. What is the remainder when 102 is divided by r?
4
Let z = -25 + 125. What is the remainder when z is divided by 15?
10
Suppose -4 = -i, 36 = 3*v + v - i. Suppose 4*f + 0*f = -20, -2*g - 4*f + 138 = 0. What is the remainder when g is divided by v?
9
Suppose 7*k - 2577 + 1051 = 0. What is the remainder when k is divided by 37?
33
Let l(x) = x**3 - 5*x**2 + 6. Calculate the remainder when 12 is divided by l(5).
0
Let w(j) = j**2 - 2*j - 6. What is the remainder when w(5) is divided by 140/(-21)*((-38)/8 - -4)?
4
Suppose 0 = -4*o + 3*a + a + 36, -5*o - 3*a = -5. Let q = 9 + 33. Calculate the remainder when q is divided by o - -12*(-12)/(-8).
20
Let p(l) be the second derivative of -l**4/6 + 3*l**2 + 7*l. Let o(v) be the first derivative of p(v). Calculate the remainder when 47 is divided by o(-2).
7
Let j(t) = -6*t. Let f(v) = 9*v**3 - 2*v**2 - 1. Let i(n) = -n**2 - 1. Let c(g) = -f(g) + 2*i(g). Calculate the remainder when c(-2) is divided by j(-4).
23
Let o = 13 + 2. Suppose 0 = 11*i - o*i. Let r(d) = d + 29. What is the remainder when r(i) is divided by 6?
5
Suppose 38*r - 663 = 21*r. Calculate the remainder when 259 is divided by r.
25
Let z(q) = 9*q + 18. Let x = -376 - -416. What is the remainder when z(15) is divided by x?
33
Let n = 10 + 10. Suppose f - n = -f. Let t(o) = -o**3 + 21*o**2 + 49. What is the remainder when t(21) is divided by f?
9
Let u = 4 + -2. Suppose 3*t - 453 = -3*r, 3*t = -u*t + 3*r + 779. Calculate the remainder when t is divided by 39.
37
What is the remainder when 316 is divided by 7 - (-1605)/(-225) - (-242)/15?
12
Suppose 6*a + 36 = 5*a. Calculate the remainder when 21 is divided by (a/3)/(-4 + 2).
3
Calculate the remain